mine s(9).
274
Let w(g) = g**2 - 36*g + 127. Calculate w(4).
-1
Let x(q) = -q**3 + 32*q**2 + 421*q - 41. Give x(42).
1
Let a(c) = 3*c**2 + 173*c - 423. Calculate a(-60).
-3
Let p(i) = i**2 - 1933. Give p(44).
3
Let r(f) = f**3 - 39*f**2 - 73*f - 188. What is r(41)?
181
Let k(n) = 16*n**2 + 7*n + 12. Give k(-2).
62
Let n(h) = -h**3 - 31*h**2 - 96*h - 322. What is n(-28)?
14
Let r(z) = z + 107. Calculate r(-86).
21
Let j(p) = 3*p - 112. Calculate j(15).
-67
Let w(f) = 863*f - 1725. Determine w(2).
1
Let z(m) = -7*m**2 + 19*m + 95. What is z(-4)?
-93
Let l(u) = -2*u**2 - 349*u - 6068. Give l(-155).
-23
Let b(w) = w**2 + 14*w - 45. What is b(-17)?
6
Let j(s) = s**3 - 62*s**2 + 290*s - 54. What is j(57)?
231
Let a(h) = -889*h + 14247. What is a(16)?
23
Let d(o) = 213*o + 187. What is d(-1)?
-26
Let m(u) = u**2 - 24*u + 159. Calculate m(14).
19
Let j(z) = 2*z**3 - 3*z**2 - 5*z + 3. Calculate j(-2).
-15
Let s(a) = a**3 + 136*a**2 + 126*a - 1217. Determine s(-135).
-2
Let d(j) = -j**2 + 325*j - 9104. Give d(31).
10
Let x(d) = 12*d**2 + 66*d + 16. Determine x(-6).
52
Let c(h) = 92*h + 12. Determine c(1).
104
Let q(y) = 3055*y - 360495. Determine q(118).
-5
Let u(a) = 219*a + 743. Give u(-2).
305
Let g(a) = -a**3 + a**2 + 14*a - 29. Determine g(-4).
-5
Let q(t) = -2*t**2 - 30*t - 168. Determine q(-11).
-80
Let r(v) = v**3 - 4*v**2 + 3*v + 16. Determine r(-4).
-124
Let r(t) = -t**3 + 17*t**2 + 57*t - 700. Calculate r(18).
2
Let y(p) = -40*p + 1222. Calculate y(30).
22
Let j(r) = r**2 - 32*r - 314. Calculate j(40).
6
Let z(k) = -126*k**2 + k + 3. Calculate z(-1).
-124
Let x(a) = 10*a**2 + 17*a - 41. Give x(-3).
-2
Let v(u) = -259*u - 145. Calculate v(3).
-922
Let x(m) = 2*m + 28. Calculate x(-19).
-10
Let u(d) = -7*d**2 + 628*d + 629. Calculate u(-1).
-6
Let s(h) = -52*h**2 + h - 3. Give s(1).
-54
Let a(d) = 11*d**3 + 4*d**2 + 5*d + 9. Determine a(-3).
-267
Let d(f) = -4*f**2 - 166*f - 113. What is d(-39)?
277
Let l(z) = 855*z - 58984. Give l(69).
11
Let v(z) = -z**3 - 61*z**2 - 129*z - 4133. Determine v(-60).
7
Let o(q) = -67*q**2 + 7*q + 8. Determine o(4).
-1036
Let q(z) = 3*z**3 - 14*z**2 - 119*z - 164. Determine q(-3).
-14
Let h(t) = -211*t + 2116. Calculate h(10).
6
Let y(q) = -2*q**3 + 77*q**2 + 118*q + 74. Determine y(40).
-6
Let l(p) = -66*p + 1190. Give l(18).
2
Let g(p) = -21*p + 3720. Calculate g(177).
3
Let b(a) = -397*a - 61926. What is b(-156)?
6
Let o(l) = -6*l**2 - 47*l + 332. Calculate o(6).
-166
Let n(d) = 35*d + 1. Calculate n(-4).
-139
Let u(a) = -8*a**2 - 81*a - 15. What is u(-10)?
-5
Let b(y) = -384*y + 38019. Determine b(99).
3
Let k(j) = -5*j - 113. Determine k(0).
-113
Let i(c) = -8*c**2 - 86*c - 466. What is i(-5)?
-236
Let l(h) = -159*h + 1867. Give l(12).
-41
Let a(p) = p**3 - 27*p**2 + 34*p + 379. Give a(25).
-21
Let k(n) = -8*n**2 + 402*n + 183. Calculate k(51).
-123
Let j(d) = d**3 - 40*d**2 + 111*d - 4475. Give j(40).
-35
Let m(t) = 795*t + 2343. Determine m(-3).
-42
Let q(r) = 4114*r + 53468. Determine q(-13).
-14
Let m(a) = -a**3 + 13*a**2 - 10*a - 279. Calculate m(11).
-147
Let o(g) = -g**2 + 29*g + 449. Calculate o(50).
-601
Let p(h) = -h**3 - 15*h**2 - 7*h + 159. Calculate p(-10).
-271
Let a(i) = -i**2 - 100*i + 642. Calculate a(6).
6
Let a(c) = c**3 - 13*c**2 - 32*c + 361. Calculate a(15).
331
Let n(t) = -2*t**2 - 20*t - 61. Calculate n(0).
-61
Let v(y) = y**3 + 51*y**2 + 96*y - 86. Calculate v(-49).
12
Let m(o) = 10*o**2 + 100*o + 5. Determine m(-5).
-245
Let p(r) = 8*r**2 + 68*r - 122. What is p(-10)?
-2
Let q(w) = -1587*w + 9498. Calculate q(6).
-24
Let c(y) = -3*y**2 + 193*y - 890. Calculate c(5).
0
Let t(i) = -2*i**2 - 27*i - 97. What is t(-9)?
-16
Let z(o) = o**3 - 11*o**2 + 22*o - 27. Determine z(9).
9
Let d(f) = 40*f - 2036. Give d(50).
-36
Let y(z) = -8*z**2 + 111*z + 20. Calculate y(14).
6
Let j(h) = -h**2 + 12*h + 137. Calculate j(14).
109
Let g(o) = 22*o - 737. Calculate g(33).
-11
Let u(z) = -14*z**2 - 59*z + 171. What is u(-6)?
21
Let p(w) = -11*w**3 - 4*w**2 + 6*w + 6. What is p(2)?
-86
Let z(d) = -9*d + 406. Determine z(40).
46
Let z(b) = 2*b**2 - 103*b + 166. Determine z(41).
-695
Let p(z) = -67*z + 92. Calculate p(2).
-42
Let z(y) = 12*y + 61. What is z(5)?
121
Let c(l) = l**3 - 8*l**2 - 53*l + 360. Give c(14).
794
Let g(w) = 9*w**2 - 41*w - 194. What is g(-5)?
236
Let t(g) = -4977*g + 4992. Determine t(1).
15
Let h(b) = 6*b - 64. What is h(13)?
14
Let f(j) = -2*j**3 - 19*j**2 + 14*j + 39. Give f(-10).
-1
Let g(s) = 25*s**2 - 1584*s + 577. Determine g(63).
10
Let h(p) = -9*p + 622. What is h(-31)?
901
Let c(y) = -y**2 - 131*y - 3127. Calculate c(-31).
-27
Let j(k) = 1324*k + 2646. Give j(-2).
-2
Let u(y) = -y**2 - 497*y - 35010. Determine u(-85).
10
Let p(s) = 55*s + 343. Give p(-9).
-152
Let k(v) = 43*v + 1070. Determine k(-25).
-5
Let g(p) = -p**3 + 3*p**2 + 14*p + 33. What is g(-8)?
625
Let l(j) = -7523*j + 37617. Calculate l(5).
2
Let n(y) = 94*y - 2502. What is n(30)?
318
Let i(p) = -5*p + 219. Calculate i(41).
14
Let v(p) = p**3 - 123*p**2 - 143*p + 2359. What is v(124)?
3
Let u(b) = 88*b**2 - 345*b - 13. Calculate u(4).
15
Let s(m) = -9*m**2 + 38*m + 102. What is s(0)?
102
Let x(u) = -2*u**2 + 927*u - 42066. What is x(51)?
9
Let g(r) = -10*r**2 + 167*r + 9. What is g(0)?
9
Let g(z) = -26*z + 763. Determine g(30).
-17
Let l(b) = -b**3 + 95*b**2 + 289*b + 456. Determine l(98).
-34
Let q(m) = -m**3 - 30*m**2 - 38*m - 228. Calculate q(-29).
33
Let h(y) = 3576*y + 25047. Calculate h(-7).
15
Let x(b) = -b**3 + 17*b**2 - 22*b - 6. Calculate x(16).
-102
Let x(j) = -6*j**3 + j**2 + 54*j + 87. Calculate x(-2).
31
Let u(g) = -23*g**2 - 87*g - 536. Give u(-6).
-842
Let m(z) = -4*z - 24. Give m(-11).
20
Let x(o) = -2*o**2 + 12*o - 16. What is x(7)?
-30
Let a(b) = -b**3 - 17*b**2 + 12*b - 112. Calculate a(-18).
-4
Let v(a) = -53*a - 3324. Determine v(-65).
121
Let m(j) = 523*j + 15. Give m(-2).
-1031
Let x(h) = 328*h + 6282. Determine x(-19).
50
Let q(v) = -92*v**2 - 7*v + 10. Determine q(2).
-372
Let a(r) = 2*r**2 - 38*r - 22. Give a(18).
-58
Let p(w) = w**2 + 56. Calculate p(-16).
312
Let b(c) = 192*c - 3317. Determine b(18).
139
Let d(c) = -c**3 - 13*c**2 - 35*c + 35. Give d(-6).
-7
Let p(a) = -29*a**2 + 2015*a + 1047. Give p(70).
-3
Let b(g) = 7*g**2 + 400*g + 66. Calculate b(-57).
9
Let m(u) = 2*u - 129. Determine m(66).
3
Let c(z) = 4*z**3 - 3*z**2 + 2*z - 19. What is c(3)?
68
Let l(z) = -z**3 - 9*z**2 + 17*z + 40. What is l(-10)?
-30
Let s(m) = 3*m**2 - 49*m - 224. Calculate s(20).
-4
Let w(y) = y**3 - 23*y**2 + 20*y + 26. Give w(22).
-18
Let r(p) = p**3 + 98*p**2 - 298*p + 503. What is r(-101)?
-2
Let t(b) = -b**2 - 236*b + 42249. What is t(119)?
4
Let w(g) = g**3 - 6*g**2 - 106*g + 21. What is w(-8)?
-27
Let s(u) = 330*u**2 - 7922*u + 35. What is s(24)?
-13
Let q(k) = k**3 + 14*k**2 + 18*k - 9. Determine q(-12).
63
Let n(t) = -76*t + 286. Give n(4).
-18
Let b(m) = -m**2 + 311*m - 22296. Determine b(199).
-8
Let r(x) = 169*x + 1150. Give r(-7).
-33
Let l(b) = -b**3 - 44*b**2 + 46*b + 40. Determine l(-45).
-5
Let n(t) = t**3 - 4*t**2 - 14*t + 10. Determine n(-4).
-62
Let i(z) = 2731*z + 30049. Determine i(-11).
8
Let g(q) = -q**2 + 28*q + 126. What is g(39)?
-303
Let l(m) = -m**3 - 15*m**2 - 11*m - 110. Give l(-15).
55
Let o(x) = -x**2 + 6*x + 656. Calculate o(-23).
-11
Let n(u) = u**3 - 22*u**2 - 105*u + 9. Calculate n(-4).
13
Let i(b) = -96*b + 823. Calculate i(9).
-41
Let i(y) = -y**2 + 144*y - 4515. Calculate i(46).
-7
Let x(n) = 60*n + 152. Give x(-4).
-88
Let f(p) = 6*p**3 + p**2 - 84*p - 86. Determine f(-1).
-7
Let j(q) = -q**2 - 24*q + 36. Determine j(-29).
-109
Let s(m) = m**3 + 100*m**2 + 289*m - 202. Calculate s(-97).
-8
Let i(m) = -11717*m + 70304. Determine i(6).
2
Let w(q) = 76*q**3 - 12*q**2 + 19*q - 6. Give w(1).
77
Let j(a) = -40*a**3 + 3*a**2 - 8*a - 29. Give j(-3).
1102
Let d(l) = 3*l - 32. Calculate d(-23).
-101
Let p(k) = -12*k**2 + k - 15. Give p(-3).
-126
Let s(z) = -62*z - 4154. Determine s(-68).
62
Let u(n) = -1986*n + 3971. Give u(2).
-1
Let o(k) = 86*k - 503. Give o(6).
13
Let b(l) = -l**3 + 30*l**2 + 9. Calculate b(0).
9
Let k(d) = 23*d + 66. Determine k(8).
250
Let r(y) = 357*y - 2155. Determine r(6).
-13
Let l(f) = -14*f - 1266. What is l(-90)?
-6
Let h(g) = -3*g**3